mon factor of 45549 and 63?
63
Calculate the greatest common factor of 40 and 110.
10
Calculate the highest common factor of 126 and 98.
14
Calculate the highest common divisor of 227 and 9307.
227
What is the highest common factor of 893 and 19?
19
What is the highest common factor of 4096 and 16?
16
What is the highest common divisor of 4144 and 44?
4
Calculate the highest common divisor of 18 and 639.
9
What is the highest common factor of 572 and 220?
44
Calculate the highest common divisor of 328 and 7052.
164
Calculate the greatest common divisor of 1287 and 247.
13
Calculate the greatest common divisor of 124 and 24.
4
What is the greatest common factor of 252 and 20160?
252
Calculate the greatest common divisor of 1133 and 1276.
11
Calculate the greatest common divisor of 160 and 60.
20
Calculate the greatest common divisor of 140 and 4980.
20
Calculate the highest common factor of 8217 and 18.
9
What is the greatest common divisor of 118 and 4189?
59
What is the highest common factor of 7 and 1?
1
Calculate the highest common divisor of 361 and 38.
19
What is the highest common factor of 30 and 8310?
30
What is the greatest common factor of 11752 and 39?
13
Calculate the greatest common divisor of 2 and 440.
2
Calculate the highest common factor of 140 and 770.
70
What is the greatest common divisor of 87 and 25143?
87
What is the greatest common divisor of 60 and 15?
15
Calculate the greatest common factor of 3705 and 45.
15
Calculate the highest common factor of 297 and 54.
27
Calculate the highest common divisor of 34 and 391.
17
What is the highest common factor of 192 and 72?
24
Calculate the greatest common divisor of 6 and 42.
6
Calculate the greatest common divisor of 9 and 207.
9
What is the highest common divisor of 256 and 288?
32
What is the greatest common factor of 5978 and 7?
7
Calculate the highest common factor of 8 and 1048.
8
Calculate the greatest common divisor of 2907 and 342.
171
Calculate the highest common factor of 343 and 28.
7
Calculate the highest common divisor of 86 and 24338.
86
What is the greatest common factor of 65 and 35?
5
What is the highest common factor of 60 and 1740?
60
What is the greatest common divisor of 69 and 667?
23
What is the highest common divisor of 13 and 1781?
13
What is the greatest common divisor of 24 and 114?
6
What is the highest common factor of 62 and 186?
62
Calculate the highest common divisor of 253 and 23.
23
What is the highest common factor of 9752 and 920?
184
Calculate the highest common factor of 242 and 187.
11
What is the greatest common divisor of 712 and 824?
8
Calculate the highest common factor of 54 and 720.
18
Calculate the greatest common factor of 2 and 486.
2
What is the highest common factor of 497 and 7?
7
What is the highest common divisor of 33 and 21?
3
What is the highest common factor of 774 and 36?
18
What is the highest common divisor of 516 and 13674?
258
What is the greatest common factor of 11310 and 4680?
390
What is the highest common divisor of 37 and 370?
37
Calculate the greatest common factor of 95 and 7391.
19
What is the highest common factor of 9844 and 92?
92
What is the greatest common factor of 560 and 350?
70
What is the highest common divisor of 299 and 143?
13
What is the highest common factor of 253 and 99?
11
What is the greatest common factor of 30 and 4?
2
What is the greatest common divisor of 40259 and 381?
127
Calculate the greatest common factor of 17 and 1411.
17
What is the highest common divisor of 1649 and 136?
17
Calculate the greatest common factor of 1090 and 190.
10
What is the greatest common divisor of 10 and 54?
2
What is the greatest common factor of 316 and 1106?
158
Calculate the greatest common factor of 52 and 91.
13
Calculate the highest common divisor of 42 and 14.
14
What is the highest common divisor of 5 and 73?
1
What is the highest common divisor of 145 and 986?
29
Calculate the highest common divisor of 242 and 9317.
121
Calculate the highest common divisor of 360 and 342.
18
What is the greatest common divisor of 5 and 610?
5
Calculate the greatest common divisor of 84 and 42.
42
Calculate the greatest common divisor of 11 and 352.
11
Calculate the highest common factor of 116 and 522.
58
Calculate the greatest common factor of 1113 and 525.
21
What is the greatest common factor of 28 and 15372?
28
Calculate the highest common factor of 72 and 15588.
36
What is the highest common factor of 105 and 330?
15
Calculate the greatest common divisor of 1504 and 3478.
94
Calculate the greatest common factor of 188 and 47.
47
What is the highest common divisor of 194 and 679?
97
What is the highest common divisor of 36 and 2540?
4
What is the greatest common divisor of 41 and 533?
41
What is the highest common divisor of 1125 and 45?
45
Calculate the highest common factor of 504 and 1848.
168
What is the greatest common divisor of 11 and 1331?
11
Calculate the greatest common factor of 40 and 1380.
20
What is the greatest common divisor of 4224 and 66?
66
What is the greatest common divisor of 3392 and 2438?
106
Calculate the greatest common factor of 2 and 74.
2
Calculate the greatest common factor of 64 and 304.
16
Calculate the highest common factor of 2936 and 24.
8
Calculate the highest common divisor of 162 and 459.
27
What is the greatest common divisor of 1375 and 55?
55
Calculate the greatest common divisor of 172 and 6364.
172
Calculate the greatest common divisor of 715 and 130.
65
What is the highest common divisor of 1460 and 20?
20
What is the highest common divisor of 370 and 13135?
185
What is the highest common factor of 195 and 15?
15
Calculate the highest common divisor of 16 and 124.
4
What is the highest common divisor of 2616 and 1526?
218
Calculate the highest common divisor of 567 and 21.
21
Calculate the greatest common factor of 35 and 1855.
35
Calculate the highest common factor of 195 and 75.
15
What is the highest common factor of 1271 and 31?
31
Calculate the greatest common factor of 281 and 4496.
281
Calculate the highest common divisor of 3 and 9.
3
What is the greatest common factor of 360 and 288?
72
Calculate the greatest common divisor of 22 and 319.
11
What is the highest common factor of 18956 and 84?
28
What is the greatest common divisor of 3132 and 189?
27
What is the highest common factor of 64 and 48?
16
What is the greatest common factor of 44 and 847?
11
Calculate the greatest common divisor of 745 and 5.
5
What is the greatest common factor of 485 and 679?
97
What is the highest common divisor of 3503 and 1469?
113
Calculate the highest common divisor of 104 and 18382.
26
Calculate the greatest common divisor of 96 and 32.
32
What is the highest common factor of 55 and 9229?
11
What is the highest common divisor of 110 and 2110?
10
What is the highest common factor of 80 and 48?
16
What is the greatest common factor of 2376 and 132?
132
What is the greatest common divisor of 2769 and 39?
39
What is the highest common factor of 15 and 65?
5
What is the highest common factor of 1161 and 43?
43
What is the greatest common factor of 3 and 579?
3
What is the highest common divisor of 13 and 6773?
13
What is the highest common divisor of 111 and 3?
3
What is the highest common divisor of 79 and 4661?
79
Calculate the greatest common factor of 256 and 320.
64
What is the highest common factor of 480 and 768?
96
What is the highest common divisor of 120 and 330?
30
What is the greatest common factor of 9 and 225?
9
What is the greatest common factor of 14014 and 13?
13
What is the highest common factor of 2 and 74?
2
Calculate the highest common divisor of 2262 and 156.
78
What is the highest common factor of 4859 and 43?
43
What is the greatest common divisor of 272 and 17?
17
What is the highest common divisor of 176 and 110?
22
Calculate the highest common factor of 385 and 154.
77
Calculate the highest common divisor of 1358 and 6208.
194
Calculate the greatest common divisor of 2454 and 12.
6
What is the greatest common factor of 6612 and 4?
4
What is the highest common divisor of 1147 and 1850?
37
What is the greatest common factor of 936 and 351?
117
What is the greatest common divisor of 48 and 16?
16
Calculate the highest common factor of 54 and 297.
